er when 386 is divided by j.
89
Let d(o) = 20*o**2 - 50*o + 211. Calculate the remainder when d(8) is divided by 155.
6
Suppose 8*m + 138 = 4*c + 3*m, 0 = -4*m - 8. Suppose -23*t + c*t = 189. What is the remainder when (-2)/(-7) - (13728/(-28))/6 is divided by t?
19
Let q = 6915 - 6885. Let m = -173 - -270. Calculate the remainder when m is divided by q.
7
Let i(h) = h**2 + 10*h + 15. Suppose 11*d - 28 = -3*d. Suppose -5*x - 124 = d*t - 6*t, 0 = -x - 4. Calculate the remainder when t is divided by i(-10).
11
Let b = 119 + -115. Let y(n) = 18*n**2 + 2*n - 48. What is the remainder when y(b) is divided by 27?
5
Suppose 0 = 6*o - 100 + 58. Let r be (-10)/55 + 0 + (-114)/(-22). Suppose -b + r = -0. Calculate the remainder when o is divided by b.
2
Let t = -22299 + 22365. Let f = -1 + 3. Calculate the remainder when t is divided by f/2 + (-66)/(-3).
20
What is the remainder when -3 + (-1)/(-1) - (-1 + -58) is divided by ((-6)/((-24)/4))/(1/15)?
12
Let w be 1324/(-28)*1 - (-8)/28. Let n = -37 - w. Suppose 3*f = 4*f + g - n, 0 = 2*f - 5*g + 8. Calculate the remainder when 20 is divided by f.
2
Let g be 7 + (1 - (-1)/(-1)). Let d = 7009 - 7005. Let p = g + d. What is the remainder when p is divided by 5?
1
Let v(o) = 17*o**2 + 2*o - 3. Suppose 40*f - 84 = 9*f + 133. Calculate the remainder when v(2) is divided by f.
6
Suppose 79 = 4*j - 5*h, 4*j - 1 = -3*h + 54. What is the remainder when 461 is divided by j?
13
Let p be (-836)/4 - (5 + -3). Let l = p + 233. What is the remainder when l is divided by 7?
1
Suppose 0 = -16*p + 4*j + 99744, 7*p - 5*p + j = 12462. Calculate the remainder when p is divided by 52.
45
Suppose -30*b + 57*b = 38*b - 36036. What is the remainder when b is divided by 298?
296
Let f = 15 - 10. Let t(y) = 4*y - y**3 - y**2 - 2*y**2 - 7 - y**2 - y**2. What is the remainder when f is divided by t(-6)?
0
Suppose -j + 12 = -5*l + 48, -4*l + 40 = 2*j. Suppose l*a = 358 - 158. Calculate the remainder when 70 is divided by a.
20
Let z(m) be the first derivative of -5*m**2/2 + 17*m + 28. Let q = -30 - -195. What is the remainder when q is divided by z(-5)?
39
Let i(h) = -4*h**2 + 51*h - 107. Calculate the remainder when 3669 is divided by i(7).
51
Suppose 0 = 8*o - 4*o + 3*h - 47, o - 3*h = -7. Suppose -6 = -m + f, -2*f = -o*m + 4*m + 34. What is the remainder when 84 is divided by m?
7
Let n(h) = -53*h**2 + 376*h - 1. Calculate the remainder when 585 is divided by n(7).
7
Suppose -5*s + p = -581, -5*s - 45*p = -40*p - 635. What is the remainder when s is divided by 2?
0
Let j be ((-234)/8)/((-53)/(-212)). Calculate the remainder when 153 is divided by (-3)/(5/3*j/130).
1
Let n = -25029 - -25054. What is the remainder when 233 is divided by n?
8
Let m = -20029 - -20046. What is the remainder when m is divided by (2 - 4)/(2/(-10))?
7
Suppose 2*r = -31 + 269. Let n = 11609 + -11576. What is the remainder when r is divided by n?
20
Let o(x) = x**3 + 10*x**2 + 14*x - 13. Calculate the remainder when o(-4) is divided by 25.
2
Let v(z) be the first derivative of -z**4/4 + 7*z**3/3 - z**2/2 + 15*z + 10. Let i be v(7). What is the remainder when 5 is divided by ((-28)/i + 4)*4?
1
Let w be (1/(-2))/((-2)/4). Calculate the remainder when 31 - ((-1 - w) + -1) is divided by -3 + (-21 - -12) - -19.
6
Let h = 354 + -354. Suppose j + a = 32, -3*a + 127 = -h*j + 4*j. What is the remainder when -3*244/(-6)*1 is divided by j?
29
Let n(m) = 4*m**2 + 25*m + 15. Calculate the remainder when n(-15) is divided by 16.
12
Let g(r) = 35*r - 23. Suppose 2*c - j = 19 - 5, 4*c = 4*j + 32. What is the remainder when g(c) is divided by 16?
11
Let a(h) = -5*h. Let r be a(-2). Let u = 4310 - 4316. What is the remainder when 9 is divided by 76/r + u/10?
2
Let l be 99792/220 + (-2)/(-5). Let c = l + -417. Calculate the remainder when 108 is divided by c.
34
Let o(v) = -4*v**3 - 22*v**2 - 78*v. What is the remainder when o(-3) is divided by 49?
46
Let v(x) = -x**2 + 2*x + 1. Let d be v(2). Let y = -7785 + 7802. What is the remainder when 24*(-2 + 3 + d) is divided by y?
14
Suppose -13*i = -10*i - 5*s - 85, 3*s + 87 = 3*i. Calculate the remainder when 5186 is divided by i.
26
Let j = -773 + -13. Let q = j + 868. What is the remainder when 818 is divided by q?
80
Suppose 0*p - 4*u = -3*p + 96, -4*u = 4*p - 100. Let t be 1/(-5) - (72/15 + -1). Calculate the remainder when (-6)/(-4)*(53 + (t - -3)) is divided by p.
22
Suppose 0*j = -318*j + 274116. What is the remainder when 1754 is divided by j?
30
Let l = 43 - 44. Let y be 6 - l - 4/1. Suppose 3*h - 58 = -2*a - y*a, -2*a = 3*h - 52. Calculate the remainder when 125 is divided by h.
13
Let y = -4678 - -4706. Calculate the remainder when 2460 is divided by y.
24
Suppose 0*b + b - 38 = 3*u, 3*b - u = 122. Let f = 70 + -67. Suppose 43 = 5*k + f*z - 24, -k = -4*z - 18. Calculate the remainder when b is divided by k.
13
Suppose -5*m + 8*m - 2*z - 145 = 0, -4*m = -3*z - 195. Suppose 0*g + 332 = 4*g. Calculate the remainder when g is divided by m.
38
Suppose -4*m + s = -132, 2*m - 3*s - 52 = s. What is the remainder when m is divided by 8 - (1/(-4) + -2)*(129 - 125)?
0
Let z(t) = 8 + 12 - 19 - t. Let m(k) = -k**3 - 14*k**2 - 2*k + 2. Calculate the remainder when m(-14) is divided by z(-17).
12
Let p be 2/(-6) - (10/(-5))/6. Suppose p = -4*a + 3*a. Suppose -2*z - 39 + 53 = a. What is the remainder when z is divided by 6?
1
Suppose 0 = -125*g + 2401 + 6474. What is the remainder when 2197 is divided by g?
67
Let z(o) be the third derivative of -o**6/30 + 29*o**5/60 + o**4/6 - 7*o**3/2 - 2*o**2 + 2. Calculate the remainder when 214 is divided by z(7).
46
Suppose 31 = -2*n + 47. Suppose 0 = -3*x - 2*v + 32 - 1, 0 = 2*x - 2*v - 14. What is the remainder when x is divided by n?
1
Let m = -137 - -137. Suppose -5*o + 15 = 5*c, m = -c - 2*o + 5*o + 23. Calculate the remainder when 22 is divided by c.
6
Let m = -35803 + 36602. What is the remainder when m is divided by 98?
15
What is the remainder when 289 is divided by (16/(-10))/((-6256)/460) - (-1764)/34?
29
Let j = -13818 + 18887. Calculate the remainder when j is divided by 3.
2
Let p be -29 + 29 + 0/1. Suppose -17*b - b + 306 = p. What is the remainder when 114 is divided by b?
12
Suppose 20*f + 2*m = 17*f + 496, 8*f + 4*m - 1320 = 0. Calculate the remainder when f is divided by 8.
4
Let p = -55 - -61. Suppose 3*w - 4*k + p = -49, 2*k - 21 = w. Let l(z) = z**2 + 10*z - 7. What is the remainder when 59 is divided by l(w)?
27
What is the remainder when 4714 is divided by (77*(-24)/(-88))/1?
10
Suppose -7*l - 19 = -33. Suppose -3*v + 2*q = -390, -4*v + l*q + 11 = -509. Let w(y) = y**2 + y + 12. Calculate the remainder when v is divided by w(0).
10
Suppose -2*i - 86 = -3*x, -35*i = -2*x - 31*i + 44. Suppose -5*j + 4*j = -15. Suppose 44 = g - j. Calculate the remainder when g is divided by x.
27
Let b = 413 + -410. Calculate the remainder when 24 is divided by (-27)/54*b*-6.
6
Let x(j) = j**2 + 26*j + 287. Suppose -26*p + 12*p = 0. What is the remainder when x(p) is divided by 29?
26
Let i(j) = -2*j + 26. Let o be i(12). Suppose 0 = -2*p + 5*p + 4*y - 7, -5*y = -o*p - 3. What is the remainder when 54 is divided by ((-2)/p)/((-6)/42)?
12
Suppose 137*v - 146*v + 126 = -54. Calculate the remainder when 3897 is divided by v.
17
Suppose 2*l + 2*l + m - 835 = 0, -440 = -2*l + 4*m. Calculate the remainder when (-3 - l/(-3))*1 is divided by 21.
4
Suppose -26 = -5*f - 6. Let z be 1*f/8*-6. Let r(t) = -3*t**3 - 3*t**2 + 2*t - 4. Calculate the remainder when r(z) is divided by 15.
14
What is the remainder when (((-1216)/(-24))/(-19) + (-10)/(-6))*-2266 is divided by 84?
82
Suppose 146 - 34 = 4*b. Suppose -3*z - z = -1168. Suppose 5*a - z = 123. Calculate the remainder when a is divided by b.
27
Suppose 99*y - 451996 = 215504 + 133806. Calculate the remainder when y is divided by 32.
30
Let t = -289 - -296. What is the remainder when 17 is divided by t?
3
Let h be 3/15 + (-64)/20*-4. Suppose -h*b = -10*b. Suppose 3*s + b*s - 6 = 0, 5*t = -3*s + 386. What is the remainder when t is divided by 20?
16
Let p = -13403 + 15661. What is the remainder when p is divided by 22?
14
Let h = 85 - 74. Suppose 5*j = -3*f + 3, -j - 4*f - 2 = h. Suppose -5*l = 5*b - l - 162, j*b - l - 87 = 0. What is the remainder w